iple of 6?
False
Is 766335 a multiple of 419?
False
Is 394844 a multiple of 3?
False
Is 12070450 a multiple of 14?
True
Is 43 a factor of 82239?
False
Does 149 divide 2263420?
False
Does 91 divide 504686?
True
Is 24 a factor of 63048?
True
Is 6 a factor of 57199?
False
Is 26608 a multiple of 29?
False
Does 153 divide 22644?
True
Is 46 a factor of 1776244?
True
Is 80563 a multiple of 65?
False
Does 154 divide 58520?
True
Is 3254724 a multiple of 99?
True
Is 155915 a multiple of 153?
False
Is 90 a factor of 1636110?
True
Is 533610 a multiple of 66?
True
Is 9 a factor of 129740?
False
Is 22 a factor of 797104?
True
Does 191 divide 113514?
False
Does 25 divide 11159525?
True
Is 68 a factor of 139750?
False
Is 421 a factor of 4951392?
False
Is 2303436 a multiple of 117?
False
Does 140 divide 573440?
True
Is 16 a factor of 15980760?
False
Is 29 a factor of 213458?
False
Is 23466 a multiple of 10?
False
Is 178 a factor of 54290?
True
Is 8 a factor of 105070?
False
Is 328625 a multiple of 25?
True
Does 117 divide 1369205?
False
Is 25 a factor of 53650?
True
Is 233206 a multiple of 19?
True
Is 12963368 a multiple of 88?
True
Is 29 a factor of 110562?
False
Does 9 divide 3627?
True
Does 263 divide 71200?
False
Is 136 a factor of 2306560?
True
Is 122976 a multiple of 144?
True
Is 21 a factor of 1381317?
True
Is 2633788 a multiple of 23?
False
Is 15 a factor of 606166?
False
Is 12134432 a multiple of 104?
False
Does 481 divide 9351121?
True
Does 57 divide 145179?
True
Does 32 divide 831079?
False
Is 1439246 a multiple of 118?
True
Is 483 a factor of 894566?
False
Does 2 divide 13365?
False
Is 230075 a multiple of 193?
False
Does 35 divide 1843387?
False
Does 369 divide 365679?
True
Does 100 divide 873900?
True
Is 14 a factor of 1241968?
True
Is 9086058 a multiple of 85?
False
Is 372378 a multiple of 46?
False
Is 183540 a multiple of 190?
True
Is 383420 a multiple of 967?
False
Is 3801900 a multiple of 75?
True
Does 612 divide 649380?
False
Is 494274 a multiple of 143?
False
Is 22311 a multiple of 5?
False
Is 37 a factor of 1081362?
True
Is 98 a factor of 1313004?
True
Is 39 a factor of 1621503?
True
Is 29466 a multiple of 7?
False
Is 23525 a multiple of 25?
True
Is 3081078 a multiple of 858?
True
Does 180 divide 563905?
False
Is 1604140 a multiple of 12?
False
Is 1095 a factor of 9075360?
True
Does 21 divide 37017?
False
Does 25 divide 3835825?
True
Does 52 divide 100568?
True
Is 35 a factor of 12775?
True
Does 369 divide 229511?
False
Does 13 divide 591877?
True
Does 207 divide 2192751?
True
Does 660 divide 831936?
False
Is 44 a factor of 529573?
False
Is 389158 a multiple of 38?
True
Is 27 a factor of 453670?
False
Does 73 divide 8099496?
True
Does 15 divide 4339695?
True
Is 36814 a multiple of 3?
False
Is 32 a factor of 1211264?
True
Is 11 a factor of 338008?
True
Is 12844071 a multiple of 29?
True
Is 2143681 a multiple of 345?
False
Is 26016 a multiple of 32?
True
Is 139440 a multiple of 42?
True
Is 993 a factor of 6321690?
False
Is 45 a factor of 178155?
True
Is 88477 a multiple of 5?
False
Does 282 divide 81504?
False
Is 7 a factor of 87010?
True
Is 160290 a multiple of 18?
True
Does 3 divide 704532?
True
Is 353337 a multiple of 376?
False
Is 15 a factor of 47925?
True
Is 167243 a multiple of 6?
False
Is 77104 a multiple of 316?
True
Is 129300 a multiple of 189?
False
Does 107 divide 76135?
False
Does 25 divide 189507?
False
Does 12 divide 107352?
True
Is 51464 a multiple of 14?
True
Is 1994272 a multiple of 6?
False
Is 5542933 a multiple of 79?
False
Is 10956 a multiple of 62?
False
Is 197 a factor of 3637168?
False
Does 10 divide 3344?
False
Is 3299 a multiple of 3?
False
Is 62226 a multiple of 273?
False
Does 717 divide 3222658?
False
Is 87 a factor of 862692?
True
Does 39 divide 2092974?
True
Is 10 a factor of 2947910?
True
Does 89 divide 5916521?
False
Does 78 divide 573740?
False
Is 199 a factor of 1839755?
True
Does 47 divide 95583?
False
Is 29 a factor of 1128593?
True
Does 129 divide 616240?
False
Is 9610179 a multiple of 519?
False
Is 10214 a multiple of 3?
False
Does 227 divide 1311606?
True
Is 764082 a multiple of 34?
True
Is 70 a factor of 213920?
True
Is 1005065 a multiple of 59?
True
Is 1292891 a multiple of 4?
False
Is 167 a factor of 137814?
False
Does 35 divide 6825?
True
Does 15 divide 372746?
False
Does 18 divide 95850?
True
Does 247 divide 12188?
False
Is 79212 a multiple of 14?
True
Does 38 divide 4142?
True
Does 77 divide 13829678?
False
Does 22 divide 42039?
False
Is 667 a factor of 909788?
True
Is 148 a factor of 5472359?
False
Does 7 divide 47551?
True
Is 6 a factor of 146344?
False
Is 990 a factor of 89100?
True
Is 7 a factor of 987672?
True
Does 13 divide 1930474?
True
Does 14 divide 232330?
True
Does 1789 divide 7656746?
False
Is 13 a factor of 15581?
False
Is 334305 a multiple of 30?
False
Is 153444 a multiple of 228?
True
Is 12 a factor of 21780?
True
Does 121 divide 278179?
True
Does 17 divide 29206?
True
Is 228 a factor of 456456?
True
Does 298 divide 6135820?
True
Is 2 a factor of 213110?
True
Is 98 a factor of 183351?
False
Does 14 divide 541206?
False
Is 1266115 a multiple of 25?
False
Does 19 divide 717326?
True
Is 7 a factor of 8298815?
True
Is 32 a factor of 877016?
False
Is 4 a factor of 573568?
True
Is 12 a factor of 464232?
True
Is 1000540 a multiple of 242?
False
Is 3732588 a multiple of 459?
True
Is 438 a factor of 1533000?
True
Does 161 divide 206705?
False
Is 231472 a multiple of 92?
True
Does 192 divide 509529?
False
Is 174 a factor of 28178?
False
Is 355677 a multiple of 468?
False
Does 109 divide 46434?
True
Does 56 divide 4694480?
True
Does 77 divide 11191565?
True
Is 292248 a multiple of 21?
False
Is 168 a factor of 1559241?
False
Is 28044 a multiple of 38?
True
Is 10764 a multiple of 9?
True
Is 2719755 a multiple of 15?
True
Does 9 divide 7863896?
False
Is 71 a factor of 1809009?
True
Does 38 divide 275984?
False
Is 78 a factor of 27690?
True
Is 14014 a multiple of 49?
True
Does 1107 divide 6071306?
False
Does 34 divide 3026235?
False
Does 29 divide 477804?
True
Is 10112886 a multiple of 967?
True
Does 77 divide 621621?
True
Is 262359 a multiple of 239?
False
Does 51 divide 1726452?
True
Is 15 a factor of 430807?
False
Is 9275790 a multiple of 30?
True
Is 377 a factor of 22961562?
True
Does 313 divide 11762853?
True
Is 292462 even?
True
Is 3785544 a multiple of 111?
True
Is 116 a factor of 71100?
False
Is 13 a factor of 138472?
False
Is 63909 a multiple of 81?
True
Is 3627006 a multiple of 681?
True
Does 60 divide 3152739?
False
Is 99 a factor of 367488?
True
Is 2 a factor of 16887?
False
Does 718 divide 1161724?
True
Does 510 divide 89760?
True
Is 15 a factor of 122355?
True
Is 1156698 a multiple of 14?
False
Is 110 a factor of 167860?
True
Does 157 divide 75046?
True
Is 12 a factor of 111379?
False
Is 97069 a multiple of 241?
False
Is 49 a factor of 1951120?
False
Is 785112 a multiple of 408?
False
Is 1273892 a multiple of 6?
False
Does 54 divide 217674?
True
Is 24310 a multiple of 34?
True
Does 14 divide 13739956?
False
Is 183744 a multiple of 99?
True
Does 15 divide 1393635?
True
Is 110898 a multiple of 3?
True
Does 152 divide 406448?
True
Is 32 a factor of 146880?
True
Is 623238 a multiple of 798?
True
Does 20 divide 6620458?
False
Does 60 divide 547380?
True
Is 1229280 a multiple of 12?
True
Does 12 divide 2193960?
True
Does 495 divide 5905350?
True
Does 94 divide 118158?
True
Is 2775984 a multiple of 906?
True
Is 64 a factor of 4239?
False
Does 2595 divide 18924746?
False
Does 23 divide 1110578?
True
Is 32 a factor of 252896?
True
Is 360494 a multiple of 20?
False
Is 9592454 a multiple of 62?
True
Is 13012980 a multiple of 12?
True
Is 287 a factor of 403540?
False
Is 66 a factor of 28644?
True
Is 65208 a multiple of 3?
True
Is 69 a factor of 174902?
False
Does 50 divide 750250?
True
Does 130 divide 160306?
False
Does 19 divide 179145?
False
Is 1692688 a multiple of 22?
False
Is 134 a factor of 215338?
True
Is 35 a factor of 136220?
True
Is 9 a factor of 34038?
True
Does 1026 divide 941065?
False
Does 77 divide 484638?
True
Does 74 divide 6319?
False
Is 17876689 a multiple of 1851?
False
Does 28 divide 4469458?
False
Is 16 a factor of 10134388?
False
Is 51 a factor of 230336?
False
Is 21